 derivative of z**4/12 - z**3/3 - 17*z**2. Let q(l) = 57*l - 679. Let k be q(12). What is x(k)?
8
Let r(u) = -3*u + 9. Let k(n) = -5 - 2 + 1 + 0 + 2*n + 2. Suppose -4*c + s + 10 = 0, 5*s - 11 = -1. Let a(h) = c*r(h) + 5*k(h). Calculate a(7).
14
Let p = -8 - -22. Let j(u) be the third derivative of u**5/60 - 13*u**4/24 - 8*u**3/3 + 4*u**2 + 6*u + 14. What is j(p)?
-2
Suppose 15*m - 84 = -5*l + 26*m, -40 = -3*l + 4*m. Let b(j) = j**3 - 8*j**2 - 6*j + 53. Calculate b(l).
5
Let i(o) = -o**2 - 7*o - 6. Let w(r) be the third derivative of r**4/4 + 13*r**3/6 + 103*r**2. Let p = -1 + -2. Let q be w(p). Calculate i(q).
4
Let t = 669 + -663. Let m(v) = v**2 - 4*v - 3. Let n be m(t). Let r(b) = -b**3 + 9*b**2 - 2*b + 11. What is r(n)?
-7
Let o(m) = -17*m + 15. Let w be o(3). Let v be -3 + w/(-14) + (-92)/14. Let x(d) = 6*d**2 + 5*d - 6 - 4*d**2 - d**2. Determine x(v).
8
Let n(u) = -175384*u + 0*u**2 + 184 + 175374*u - u**2 - 45. Determine n(-18).
-5
Let a(i) = -i**3 + 15*i**2 + 16*i + 7. Let j be -153 + 158 - 1/(-1)*-557. Let z = j - -568. Calculate a(z).
7
Let m(l) = l**2 - 10*l + 8. Let b = -77 - -100. Let y(r) = -b + 3*r**2 - 662*r + 691*r - 6*r**2. Let x(v) = 11*m(v) + 4*y(v). Determine x(6).
-4
Suppose -2*b + 469 + 418 = t, 5*b - 3*t = 2234. Let d = b + -439. Let l(a) = -a**2 + 2*a + 3. Determine l(d).
-21
Let k(h) be the third derivative of h**6/360 + h**5/120 - 91*h**3/6 - 4*h**2 - 9*h. Let l(d) be the first derivative of k(d). Give l(3).
12
Let j(k) = -19 + 15*k**3 + 14*k**3 - 12*k**2 + 9*k**3 + 57*k - 39*k**3 - 13*k. Determine j(-15).
-4
Let l(y) = 6*y - 259. Let t(x) = -x + 129. Let z(c) = -6*l(c) - 14*t(c). Give z(-11).
-10
Let q(j) = -8*j**2 - 536*j + 32. Let o(k) = 11*k**2 + 731*k - 43. Let w(c) = -11*o(c) - 15*q(c). Suppose -12 = -2*m + 5*m. Give w(m).
-19
Let p(o) be the first derivative of 4*o**3/3 - 2*o**2 - 24*o - 5349. Calculate p(-6).
144
Let y(k) = 145 - 6*k + 154 + 194 - 518. Determine y(-5).
5
Let t(h) = h**2 - 7*h. Let q be t(5). Let r(x) = -2246*x + 4440*x - 19 - 2195*x. Calculate r(q).
-9
Let c(v) = -9*v - 6. Let q be c(-4). Suppose q = 3*f - 3*b + 12, -2 = -f + 5*b. Let z be (-1)/f - (-4 + 83/7). Let p(h) = -h + 9. Give p(z).
17
Let m(g) = g**2 + g. Suppose -p = -6*p + d + 20, -d = 0. Suppose i - 4 = 0, 0 = 2*n + 2*i - 9 - 3. Let o be (5 + -3 - p) + n. What is m(o)?
0
Let z(o) = 227*o - 12263. Let a be z(54). Let x(s) be the first derivative of s**2/2 + 9*s - 1. Calculate x(a).
4
Let b(u) = -2*u. Let c be b(-2). Let n be (16/(-10))/((-3)/(-30)*c). Let p = 10 + n. Let t(a) = -a**2 + 6*a - 8. What is t(p)?
-8
Let k(j) = 13 + 5 - 12999*j - 1 + j**2 + 12987*j. Calculate k(5).
-18
Let b(l) = -l - 20. Let z = 4614 + -4614. Give b(z).
-20
Let w(z) = 11*z + 5. Let m(a) = 133*a + 56. Let h(l) = 3*m(l) - 35*w(l). Let u(x) = 3*x - 1. Let n(r) = -h(r) + 3*u(r). Determine n(0).
4
Let k(p) = p**2 - 7. Let y(u) be the second derivative of 11*u**3/3 - 107*u**2/2 + 3*u. Let m be y(5). Determine k(m).
2
Let p(d) = 7*d + 12*d - 13*d - d**2 + 56 - 8. Give p(10).
8
Let v(m) = -m**3 - m**2 + 8*m - 4. Let h(r) = -23*r + 709. Let b be h(31). Determine v(b).
12
Let b(a) = -5*a**3 + 15*a**2 + 14. Let u(i) = 6*i**3 - 15*i**2 + i - 24. Let n(c) = 5*b(c) + 4*u(c). Give n(15).
34
Let r(v) = 3 - 84315*v + 42152*v + 42162*v - 2. Let t(l) = l**3 + 6*l**2 - 8*l - 9. Let f be 15/(-2) - 2/(-4). Let x be t(f). Give r(x).
3
Let b(u) = u**3 - 9*u**2 + u - 11. Let i = 101 - 96. Let w(p) = -2*p**3 + 19*p**2 - 2*p + 23. Let f(n) = i*b(n) + 2*w(n). Determine f(7).
-2
Suppose -x + 4 - 2 = 0. Let a(l) = -4 + 2*l**2 + 8 + l**3 - 3 + l**2 - x*l. Let y = 268 - 270. Determine a(y).
9
Let j(w) = w - 3. Let k(a) = 7*a + 64. Let m be k(-9). Let q be j(m). Let i(r) = -1 - 4*r + 4*r - 2*r - 3*r. Calculate i(q).
9
Let s(d) = 4628*d + 4639*d - 9271*d + 171. Give s(35).
31
Suppose -18*g + 17*g + 11 = 0. Suppose 22 = -g*u - 44. Let t(l) = l**3 + 6*l**2 + l + 6. What is t(u)?
0
Let l be (-6 - -4)*(-76)/(-8). Let u(c) = -c**3 - 20*c**2 - 14*c + 2. Determine u(l).
-93
Let b = 52 - 48. Suppose b*z + 16 = -40. Let y(a) = -a**2 - 14*a - 3. What is y(z)?
-3
Let c(s) = 0*s**2 + 0*s - 2*s - 6*s**2. Suppose -3320 = 5*k - 4*y + 2*y, 5*y = 2*k + 1328. Let z = -662 - k. Give c(z).
-28
Let b(g) = 2*g**3 - 13*g**2 - 5. Suppose -14*i = -2*i + 11 - 83. Calculate b(i).
-41
Let j be (-14)/3 + 2/(-6). Let v(b) = 3*b**2 - 6113606 + 6113610 - 2*b**2 + 5*b. Calculate v(j).
4
Let q(p) = -p**2 - 15*p - 22. Let k be q(-12). Let s(b) = 26 - b - 3*b - k - 13. Let h be (3/9)/(1/3). What is s(h)?
-5
Let q(l) = -5*l + 2. Let k(p) = -16*p + 22. Let j(g) = k(g) - 3*q(g). Determine j(8).
8
Let y(h) = -5*h**2 + 5 + 3*h + 0*h + 5*h**2 - 3 + 2*h**2 - h**3. What is y(4)?
-18
Let l(g) = g**3 - 5*g**2 - g + 2. Let n be 174 - 164 - ((-1)/1 - -5). What is l(n)?
32
Let q = 2 - 1. Let i(x) = 17908 - x - 3*x**2 - 17908. Calculate i(q).
-4
Suppose -3*j + 12 = -9. Let r(f) = 129*f**3 - 64*f**3 + 7*f**2 + j - 64*f**3. Let l = -13 - -6. Determine r(l).
7
Let o(t) be the third derivative of -t**4/24 + 19*t**3/6 - 1794*t**2. What is o(-6)?
25
Let u(y) = y + 7*y + 4 - 2*y. Let a be (-15477)/(-2948)*16/(-14). Determine u(a).
-32
Let w = 37810 - 37818. Let q(l) = 20*l + 153. Give q(w).
-7
Let j(y) be the first derivative of -y**4/4 + 17*y**3/3 - 15*y**2/2 - 22*y - 465. What is j(16)?
-6
Let o(a) = 2*a**2 - 12*a + 16. Suppose -3*s - 3*k = -18, -31 = -7*s + 3*s + 3*k. Give o(s).
30
Let r(y) = 1 + 216*y**3 + 222*y**3 + 213*y**3 - 17*y**2 - 649*y**3 + 5 - 8*y. What is r(9)?
15
Suppose 3 = 3*a + 12. Let s(n) = -5*n - 4. Let g(m) = 14*m + 11. Let i be 5/(30/(-51))*-2. Let c(l) = i*s(l) + 6*g(l). Give c(a).
1
Let z(u) = -9*u**3 + 4*u**2 - 9*u + 8. Let i(x) = -20*x**3 + 7*x**2 - 18*x + 17. Let d(r) = -4*i(r) + 9*z(r). Determine d(6).
22
Let o(v) = v**3 - 6*v**2 - 3*v + 29. Let f = 10269 + -10263. Give o(f).
11
Let z(t) = t**3 - 8*t**2 - 8*t - 12. Suppose 0 = -57*v + 55*v + 2. Let h(i) = 7*i**3 + 2. Let d be h(v). Calculate z(d).
-3
Let a(z) be the second derivative of -5*z - 11/2*z**2 + 32 - 1/6*z**3. What is a(-7)?
-4
Let k = 139 + -123. Suppose 5*w - k = 2*f, -f + 1 - 10 = -3*w. Let i(r) = -2*r**2 + 4*r - 3. Determine i(w).
-3
Let k(l) be the third derivative of l**5/15 - 55*l**3/6 + 106*l**2. Let o(v) be the first derivative of k(v). Determine o(-3).
-24
Let g(l) = -l**3 + 0 + 2*l + 0. Let n = -10652 - -10650. Determine g(n).
4
Let v(z) be the first derivative of z**3 - 11*z**2/2 + 2*z - 2000. Give v(3).
-4
Let w(c) = -9*c - 2*c - 444 + 866 - 455. Give w(10).
-143
Let f = 10 + -8. Let o(d) = f*d**2 - 8 + 1 - d**2. Let g be -5*(5 - -7 - 11). Calculate o(g).
18
Let v(w) = -w**3 + 3*w**2 - 6*w + 6. Suppose -6944 + 6980 = 6*f + 6*f. Calculate v(f).
-12
Let g = 47 + -37. Suppose -3*m = -4*m - 3, 0 = -o - 4*m - g. Let l be 63/(-7)*(o/3)/(-1). Let a(i) = -i**2 + 6*i - 7. Determine a(l).
-7
Let i(q) = -2*q**3 + 7*q**2 + 149*q - 571. Let g be i(4). Let t(o) = 14*o - 51. What is t(g)?
75
Let c = -73 + 79. Let a be 833/(-21) + c/9. Let q be a/91 - (-48)/14. Let j(d) = -d**2 + 6*d - 1. Give j(q).
8
Let k(z) = -4*z - 24*z + 21*z + 0 + 4 + 10 - 2*z**2. Give k(-7).
-35
Let o(i) = -79484 + 14*i**2 + 16*i + i**3 + 79498 - i**2. Give o(-12).
-34
Let u(h) = 19*h - 6. Let v(z) = -13*z + 8. Let k(w) = 2*u(w) + 3*v(w). Give k(1).
11
Let a(j) = 18 - 39 + 318364*j**2 - 71*j - 318375*j**2 - 95*j. Determine a(-15).
-6
Let u(p) be the third derivative of 1/2*p**3 + 226*p**2 + 0*p + 1/4*p**4 + 0. Give u(-2).
-9
Let x(k) = -5*k - 98. Let f be ((-414)/552)/(-2 + (-465)/(-228)). Calculate x(f).
-3
Let n(k) be the third derivative of -1/180*k**6 + 7/24*k**4 + 0*k + 0 + 0*k**3 - 1/40*k**5 + 18*k**2. Let u(q) be the second derivative of n(q). Give u(-2).
5
Let t = -26650 - -26654. Let b(x) = -46*x + 184. Calculate b(t).
0
Let r = -1678 - -1679. Let h(g) = 9*g**2 + g + 1. Determine h(r).
11
Let t = -15179 - -15189. Let n(p) be the first derivative of 27 - t*p - 1/2*p**2. Calculate n(-7).
-3
Let p(s) = 9*s**3 - 44*s**2 - 89*s - 40. Let h(q) = -4*q**3 + 22*q**2 + 45*q + 17. Let i(m) = -7*h(m) - 3*p(m). Give i(24).
1
Let f(x) = -175 + 26*x**2 + 52*x - x**3 - 159 + 445. Determine f(28).
-1
Suppose -4*k + 24 - 8 = 0. Let v(h) be the first derivative of h**4/4 - 2*h**3/3 - 5*h*